*g. Suppose 124 = 5*t + 2*s - 52, g*t - 2*s = 130. Calculate the remainder when t is divided by 19.
15
Suppose 244 = 2*w - 0*w. Calculate the remainder when w is divided by 32.
26
Suppose -19 = -4*b + 61. What is the remainder when (116/(-8))/((-13)/52) is divided by b?
18
Let r(f) = 49*f - 8. Calculate the remainder when r(1) is divided by 3.
2
Suppose 0 = -3*k + 4*n + 1095 + 837, 3*n = -k + 644. What is the remainder when k is divided by 38?
36
Suppose -350*j + 351*j - 24 = 0. What is the remainder when 70 is divided by j?
22
Let b be (5 - 7) + (1 - 1) + 24. Suppose -4*v + 22 + b = 0. Suppose -4*p = -107 - 65. What is the remainder when p is divided by v?
10
Suppose -4*b = -9*b + 30. What is the remainder when 31 is divided by (-3 - (-33)/b)*8?
11
Suppose 0 = 76*u - 83*u + 812. Calculate the remainder when u is divided by 9.
8
Suppose 4*s + 95 = 5*i - s, -i - s + 29 = 0. Suppose 163 = 4*l - 29 - 88. What is the remainder when l is divided by i?
22
Suppose -3*y - 408 = -1101. Suppose 5*v - 179 - y = 0. Suppose h + 3 - 18 = -2*w, -3*w - v = -4*h. What is the remainder when 36 is divided by h?
17
Let t = -1052 + 1123. Calculate the remainder when t is divided by 42.
29
Suppose -k = 2*i - 22, -4*i - i + 45 = 5*k. Suppose 5*c - 56 + 361 = 0. Let j = 110 + c. What is the remainder when j is divided by i?
10
Let x = -533 + 580. What is the remainder when 224 is divided by x?
36
Let d be (-27)/(-1 - (-44)/56). What is the remainder when 147/5 - 4/10 is divided by (-1)/(d/(-30) - (-8)/2)?
4
Suppose 15*q - 88 - 122 = 0. Calculate the remainder when 24 is divided by q.
10
Suppose 0 = 3*k - 478 + 67. Suppose 4*v - 7*w = -2*w + k, 3*v - 2*w = 101. Calculate the remainder when v is divided by 7.
5
Let z(c) = 3*c**2 + 1. Let u(v) = -2*v + 14. Let i be u(-13). Let t = i - 16. What is the remainder when t is divided by z(2)?
11
Suppose -12*m - 3 = -3*h - 14*m, -4*m = 0. Calculate the remainder when 19 is divided by h.
0
Let b(h) = -h**2 + 8*h + 1. Let d be b(6). Suppose d*j = 10*j + 123. Let u(y) = y**2 - 6*y + 7. Calculate the remainder when j is divided by u(7).
13
Let r(f) = 56*f + 104. Calculate the remainder when r(0) is divided by 28.
20
Suppose 3*j = 6*j - 750. Suppose -54 - j = -8*q. Calculate the remainder when q is divided by 30/((3/2)/1).
18
Suppose -415 = -5*f + 195. Let q = f + -67. What is the remainder when q is divided by 14?
13
Let h(q) = 14*q**2 - q - 2. Let s be (6/10)/(10/(-50)). Suppose -5*d + 2*b = -162, -4*d + 2*d + 5*b = -69. What is the remainder when h(s) is divided by d?
31
Let n = -936 - -1286. What is the remainder when n is divided by 16?
14
Let b(g) = g - 1. Let o be b(6). Let r = o + 8. Suppose -21 = 5*m - 211. What is the remainder when m is divided by r?
12
Let o(z) = z**3 + 5*z**2 - 7*z - 1. Let g be o(-6). Suppose 18 = g*b + 3, 5*k - 2*b - 444 = 0. Calculate the remainder when k is divided by 24.
18
Suppose -15 + 155 = 2*c. What is the remainder when 251 is divided by c?
41
Let i(m) = m**3 + 7*m**2 + 3*m + 9. Suppose -6*j = 2*j - 400. What is the remainder when j is divided by i(-6)?
23
Let p = -49 + 104. What is the remainder when 657 is divided by p?
52
Let b = 1694 + -1665. Let a = 2 + -1. Suppose 113 = x - a. What is the remainder when x is divided by b?
27
Let v(m) = -2*m**3 + 31*m**2 + 19*m - 18. Calculate the remainder when 237 is divided by v(16).
27
Let w(t) = 53*t**3 - t**2 + t. Suppose -73*k = -24*k - 1470. Calculate the remainder when w(1) is divided by k.
23
Suppose 0 = 7*j - 780 - 459. What is the remainder when j is divided by 30?
27
Suppose 2*u + 3*t = 401, -4*t = 3*u - 0*t - 602. Let b = -96 + u. What is the remainder when b is divided by 18?
16
Suppose -3*w + k - 254 = -8*w, 0 = 5*w - 4*k - 259. What is the remainder when w is divided by 15?
6
Suppose 0 = 2*n - 19 - 13. Calculate the remainder when 77 is divided by n.
13
Suppose -3*g = -0*g + z - 22, -4*g = -2*z - 26. Suppose -4*v = 4*a - 64 - 4, 0 = -2*a + 2*v + 42. Calculate the remainder when a is divided by g.
5
Let t(b) = 9*b + 3. Let m(z) = 19*z + 34. Let l be m(5). Suppose 131*w - 22 = l*w. What is the remainder when t(3) is divided by w?
8
Suppose 39 = -10*q + 13*q. Calculate the remainder when 141 is divided by q.
11
Let s = -8 - -22. What is the remainder when 151 is divided by s?
11
Let y be -2 - (-12 + -1 + -1). Let q = y + 68. Suppose -n = -q + 19. What is the remainder when n is divided by 21?
19
Let o(k) = -21*k - 12. What is the remainder when o(-3) is divided by 4?
3
Let h(o) = -o**2 + 2*o - 8. Let r be h(4). Let f = r - -32. What is the remainder when 76 is divided by f?
12
Suppose -10*i + 91 = -3*i. What is the remainder when i is divided by 6?
1
Suppose w - 65 = -17. What is the remainder when 234 is divided by w?
42
Let a be -1 + (-4 - -4) + 1. Suppose -2*b + 11*b - 171 = a. Calculate the remainder when b is divided by 11.
8
Let g(z) = z**2 + 8*z - 15. Let b be g(-11). Suppose 5*i + i - b = 0. Calculate the remainder when 14 is divided by i.
2
Let c = -128 + 189. Suppose 4*m + 4*m = -3016. Calculate the remainder when c is divided by 1*3 + m/(-13).
29
Let i = 7 - -1. Let v = -42 - -74. Suppose -2*a - 4 = -v. Calculate the remainder when a is divided by i.
6
Let t = -63 - -113. Suppose -4*i + 2*d + t = 0, 5*i - d - 53 = i. Let l(s) = s**2 + 6*s. What is the remainder when l(-10) is divided by i?
12
Suppose 19*t + 310 - 1412 = 0. Let w be 6*(-4)/18*3. Let o = w - -24. What is the remainder when t is divided by o?
18
Let p(i) = 2*i**3 - 25*i**2 - 11*i + 13. What is the remainder when 349 is divided by p(13)?
37
Suppose 0*l - 75 = -5*l + 3*u, 5*u = 4*l - 73. Let z = 18 - l. Suppose 3*o - z = 2*o. What is the remainder when 15 is divided by o?
3
Suppose -318 = -5*b + 237. Let r = 166 - b. Calculate the remainder when r is divided by 19.
17
Let u(r) = r**2 + 3*r + 2. Let o = 59 - 78. Let c = 16 - o. What is the remainder when c is divided by u(-5)?
11
Suppose 0 = -27*d + 32*d - 185. Suppose 4*v = 2*s + 2*s + 432, -4*s = 0. What is the remainder when v is divided by d?
34
Let c(f) = -f**3 + 5*f + 4. Let l be c(-3). Suppose -4 = t - l. What is the remainder when 1 - (-23 + -2 + 4) is divided by t?
10
Let a(u) = 2*u**3 - 3*u**2 + u - 1. Let f be a(2). Suppose 0*l + y - 17 = -f*l, 0 = 3*y - 6. Calculate the remainder when 13 is divided by l.
1
Let i be (-2)/((-8)/196)*1. Let m = -31 + i. Calculate the remainder when 51 is divided by m.
15
Let v(b) = 3*b**3 - 8*b**2 + 22*b - 8. What is the remainder when 286 is divided by v(3)?
18
Let r be (33 - -1)/1 - (-10 - -9). Suppose -d + u = -4*d + 121, r = d - 5*u. Calculate the remainder when d is divided by 11.
7
Suppose -9804*o + 9799*o = -380. Let x = 71 + -51. What is the remainder when o is divided by x?
16
Let n = -677 - -765. Calculate the remainder when 99 is divided by n.
11
Let v(u) = 2*u**3 + 34*u**2 - 6*u - 54. What is the remainder when v(-17) is divided by 9?
3
Let b(y) = -y**2 - 14*y + 4. Let j be 24/9*(-27)/(-4). Suppose -o = -0*o - j. What is the remainder when b(-6) is divided by o?
16
Let s(f) = -3*f + 93. Let p be s(21). Let o = p - 24. Suppose 0 = 4*m + 12, -5*m - 2 = c + 3. Calculate the remainder when c is divided by o.
4
Suppose 5*g + 228 = 11*g. Suppose 13*i - 15*i = -g. What is the remainder when 112 is divided by i?
17
Let w(k) = 6 + 0*k + 45 + 65 - 2*k. Let x be w(0). Let o = x - 51. What is the remainder when o is divided by 22?
21
Let w be ((-18)/8)/((-6)/8). Let q(f) = f**3 + 3*f**2 + 2*f + 1. Let s be q(-2). Calculate the remainder when s*(-3)/(w/(-47)) is divided by 24.
23
Suppose 4*o = 52 - 4. Let s(b) = -5*b + 7. What is the remainder when s(-3) is divided by o?
10
Suppose -26*r + 78 = -884. What is the remainder when 101 is divided by r?
27
Suppose 0 = 5*a + 2*i - 130, 2*a = -2*a + 3*i + 127. Suppose -2*k = -7*k. Suppose k = 18*q - 17*q - a. Calculate the remainder when q is divided by 10.
8
What is the remainder when (-6 - -1*(207 + -8)) + -1 is divided by 15?
12
Let x(r) = r**2 + 24*r - 86. Calculate the remainder when 258 is divided by x(-28).
24
Suppose -642 = -s - 608. What is the remainder when 61 is divided by s?
27
Let m = 228 + -85. Suppose 3 = u - 2*u, -u = -4*n + m. Let g = n - 31. Calculate the remainder when 5 is divided by g.
1
Suppose 5*j = -4*t + 